ive y(11).
-61
Let v(x) = 31*x**2 + 165*x + 127. What is v(-5)?
77
Let m(j) = 1384*j - 33. Determine m(0).
-33
Let j(r) = -38*r**2 + 29531*r - 62772. What is j(775)?
3
Let x(o) = -2896*o - 5668. Determine x(-2).
124
Let y(v) = v**2 + 409*v + 3708. Calculate y(-9).
108
Let n(b) = 396*b**2 - 26939*b + 639. Determine n(68).
-109
Let o(c) = 33176*c - 895758. What is o(27)?
-6
Let d(j) = -1282063*j + 1282059. Determine d(1).
-4
Let c(y) = y**3 + 481*y**2 - 11607*y - 7543. What is c(-504)?
17
Let p(b) = 35*b**2 + 751*b + 114. Give p(-25).
3214
Let x(w) = 340*w**2 + 1734*w + 94. Determine x(-5).
-76
Let l(p) = 4*p**3 - 7*p**2 - 291*p + 311. Determine l(13).
4133
Let a(j) = j**3 - 8*j**2 + 27156*j + 190848. Calculate a(-7).
21
Let o(h) = -h**3 + 667*h**2 - 3906*h - 220. Determine o(6).
140
Let h(y) = -8337*y + 1033802. Give h(124).
14
Let l(h) = 21*h**2 - 220*h + 1641. Determine l(8).
1225
Let h(m) = 4*m**2 - 65*m + 212. Determine h(5).
-13
Let q(d) = -41*d**3 + 1269*d**2 + 66*d - 136. Give q(31).
-12
Let o(y) = y**3 + 6*y**2 - 1798*y - 1353. Determine o(-45).
582
Let j(w) = 217*w + 2671. Calculate j(-12).
67
Let a(v) = 2757*v**2 - 19290*v + 19. Calculate a(7).
82
Let a(y) = 747*y - 4923. What is a(8)?
1053
Let y(r) = 9*r**2 - 40*r - 661. What is y(11)?
-12
Let r(o) = -222*o + 68799. What is r(306)?
867
Let u(w) = w**3 - 9*w**2 - 296*w + 92. Give u(0).
92
Let w(l) = l**3 + 24*l**2 - 557*l - 578. Give w(-1).
2
Let m(c) = -8*c**3 - 3*c**2 - 31067*c - 62141. What is m(-2)?
45
Let o(z) = -8861*z - 921539. What is o(-104)?
5
Let p(s) = -s**3 - 60*s**2 - 3874*s - 240024. Give p(-61).
11
Let a(h) = -175*h**2 - 3508*h - 156. What is a(-20)?
4
Let b(y) = 14472*y - 43329. Give b(3).
87
Let g(x) = -7022*x + 484541. Calculate g(69).
23
Let r(l) = 607*l + 6607. Give r(-14).
-1891
Let p(h) = -h**3 - 125*h**2 - 1432*h - 4310. Determine p(-6).
-2
Let d(u) = u**3 + 35*u**2 - 624*u - 18244. Give d(-39).
8
Let g(f) = -f**2 + 17679*f + 815344. What is g(-46)?
-6
Let c(q) = -2*q**3 + 1312*q**2 + 1303*q + 7345. Give c(657).
118
Let w(f) = -44*f**2 - 2811*f + 143. Give w(-64).
-177
Let y(d) = 15*d**2 - 4345*d - 5891. Give y(291).
-71
Let i(c) = -3*c**2 - 427*c + 219720. Calculate i(-351).
-6
Let g(y) = -29*y**3 + 20*y**2 - 1187*y + 1191. Give g(1).
-5
Let i(a) = 128*a + 876. Give i(-3).
492
Let p(r) = -2305*r + 7073. Give p(3).
158
Let z(q) = q**3 - 40*q**2 - 85*q + 1844. Calculate z(41).
40
Let g(t) = -2052*t - 22120. Determine g(-10).
-1600
Let m(b) = -226*b**3 - 34356*b**2 - 538*b + 10638. Give m(-152).
-2
Let k(u) = -319908*u - 1919430. What is k(-6)?
18
Let p(c) = -c**3 - 66*c**2 - 371*c - 109. Give p(-6).
-43
Let q(s) = s**3 + 52*s**2 + 348*s + 45. Calculate q(-44).
221
Let v(z) = -31*z**2 + 858*z - 142. What is v(30)?
-2302
Let m(r) = -4333*r - 60682. What is m(-14)?
-20
Let z(j) = 10*j**2 - 516*j - 1751. What is z(55)?
119
Let y(p) = 18*p**2 - 2030*p - 472. What is y(113)?
-20
Let l(t) = 300*t + 19189. Give l(-64).
-11
Let p(y) = 652*y + 58935. Calculate p(-95).
-3005
Let f(s) = -2175*s - 210981. Give f(-97).
-6
Let m(w) = -w**3 + 581*w**2 - 7912*w - 366. Give m(14).
-2
Let p(f) = f**3 - 51*f**2 + 584*f + 1663. Calculate p(25).
13
Let p(b) = -17388*b + 1530168. Calculate p(88).
24
Let f(d) = d**3 - 233*d**2 - 7050*d + 7765. What is f(260)?
-35
Let q(s) = -1419*s + 299400. Give q(211).
-9
Let n(k) = 58563*k + 1874008. Calculate n(-32).
-8
Let k(m) = m**3 - 687*m**2 - 2385*m + 693842. What is k(689)?
19
Let i(z) = -2807*z**2 - 887*z + 889. Calculate i(1).
-2805
Let w(l) = 2*l**3 + 10*l + 423. Determine w(0).
423
Let a(r) = -6370*r + 452314. Determine a(71).
44
Let k(d) = -3*d**3 - 413*d**2 - 674*d + 1227. Give k(-136).
411
Let p(q) = q**3 - 86*q**2 + 608*q + 1322. Give p(78).
74
Let b(i) = 10*i**2 - 5559*i + 16680. Calculate b(3).
93
Let r(c) = 17*c**2 - 181*c + 1633. Give r(9).
1381
Let b(j) = -62005*j - 8122670. Calculate b(-131).
-15
Let i(y) = -y**3 - 63*y**2 + 1373*y + 90061. Calculate i(-39).
10
Let g(o) = 20713*o - 102575. What is g(5)?
990
Let p(f) = -1436*f + 9734. What is p(7)?
-318
Let o(l) = -34*l**2 - 102*l + 606. What is o(-6)?
-6
Let w(f) = 95118*f + 2948675. What is w(-31)?
17
Let o(r) = 5*r**3 + 21*r**2 - 1562*r + 265. Give o(-20).
-95
Let d(k) = 36*k - 1144. Calculate d(30).
-64
Let v(x) = 59606*x + 7093102. Determine v(-119).
-12
Let b(i) = 10074*i + 2105467. Calculate b(-209).
1
Let y(q) = -174*q - 8637. Calculate y(-49).
-111
Let o(i) = 6341*i + 665804. Calculate o(-105).
-1
Let q(r) = 1861*r - 2648197. Give q(1423).
6
Let a(y) = -283*y - 9491. Give a(-35).
414
Let b(g) = -2681*g + 104542. Determine b(39).
-17
Let g(u) = -16*u**2 + 2609*u + 33423. Calculate g(175).
-2
Let f(z) = 4*z**3 - 48*z**2 + 142*z - 22. Determine f(4).
34
Let o(v) = 28325*v - 21215424. Determine o(749).
1
Let u(w) = -w**3 - 21*w**2 + 2011*w + 43812. Calculate u(-22).
54
Let o(f) = -3*f**2 + 176*f + 19968. Calculate o(116).
16
Let v(h) = h**3 + 3871*h**2 - 34908*h - 73. Give v(9).
35
Let j(q) = 2005*q - 12024. What is j(6)?
6
Let s(t) = -3576*t + 5913. Give s(2).
-1239
Let p(u) = -u**2 + 49*u + 5717. Give p(104).
-3
Let c(b) = b**3 - 3*b**2 - 553*b + 105. Give c(-22).
171
Let l(u) = -132*u - 6558. Give l(-63).
1758
Let r(q) = 24*q**2 + 11*q - 74. Calculate r(5).
581
Let x(u) = 3*u**3 - 772*u**2 + 49434*u + 695. What is x(120)?
-25
Let b(j) = -595*j**2 + 1031*j - 1076. Calculate b(1).
-640
Let y(h) = h**3 + 4289*h**2 - 1308444*h - 1736. What is y(286)?
-20
Let z(x) = -x**3 - 38*x**2 - 106*x - 7449. Give z(-40).
-9
Let l(k) = -k**3 + 20*k**2 + 224*k + 67. What is l(-8)?
67
Let n(h) = 595*h**2 + 17185*h - 1998. Give n(-29).
32
Let b(u) = 18306*u + 199478. Determine b(-11).
-1888
Let l(a) = 14*a**3 + 2506*a**2 - 16*a - 2872. Give l(-179).
-8
Let l(h) = h**3 - 4*h**2 - 24*h + 528. Calculate l(-8).
-48
Let j(x) = -2*x**2 + 180*x + 60760. Give j(225).
10
Let a(l) = 4*l**2 - 42*l + 47. Determine a(1).
9
Let k(r) = -102184*r - 1941486. What is k(-19)?
10
Let y(h) = -1764973*h - 14119781. Determine y(-8).
3
Let o(x) = x**2 - 464*x - 125957. What is o(-192)?
-5
Let y(f) = 84*f + 1614. What is y(-22)?
-234
Let i(f) = -4*f - 203. Give i(-42).
-35
Let u(j) = -635*j + 52133. Give u(82).
63
Let m(w) = -14*w - 402. Calculate m(-21).
-108
Let n(f) = -4*f**2 - 188*f + 312. What is n(-57)?
-1968
Let l(i) = -5587*i + 5542321. What is l(992)?
17
Let x(y) = -107356*y + 858858. Determine x(8).
10
Let x(i) = -138*i + 2945. Calculate x(-2).
3221
Let c(j) = -2*j**3 - 296*j**2 + 1506*j + 80. Determine c(5).
-40
Let o(f) = 3642*f**2 + 11273*f. Calculate o(-3).
-1041
Let f(a) = 2*a**2 + 1006*a + 8058. Give f(-8).
138
Let w(f) = 9*f - 64. Give w(2).
-46
Let w(h) = 1316*h**3 - 6615*h**2 + 167*h + 4. Calculate w(5).
-36
Let w(g) = -5531492*g + 5531495. Calculate w(1).
3
Let p(d) = -d**2 + 27*d + 26. Calculate p(30).
-64
Let r(s) = 3*s**2 - 6922*s + 799834. Calculate r(122).
2
Let m(t) = -t**2 - 7881*t - 1280690. Give m(-166).
0
Let v(g) = 1321*g + 26214. Give v(-19).
1115
Let q(k) = -4*k**2 - 32512*k + 66. Give q(0).
66
Let w(c) = 410*c + 91115. Determine w(-222).
95
Let b(y) = -y**3 - 18*y**2 + 312*y + 13. Give b(-29).
216
Let n(h) = h**2 + 160*h + 3544. Determine n(-135).
169
Let t(o) = 289*o**2 + 1790*o - 4172. Give t(-8).
4
Let p(r) = -6*r**3 - 6*r**2 - 26*r - 289. Calculate p(-6).
947
Let d(y) = y**3 + 691*y**2 - 3430*y + 1016304. Give d(-698).
16
Let l(f) = 3*f**3 + 455*f**2 - 153*f - 258. Calculate l(-152).
-106
Let p(u) = u**3 - 279*u**2 + 2989*u + 40. Calculate p(11).
491
Let z(u) = -418*u - 17405. Calculate z(-34).
-3193
Let h(v) = 9*v**2 - 35*v - 76. Calculate h(8).
220
Let m(f) = 538*f + 67803. Determine m(-126).
15
Let i(d) = 3*d**3 + 844*d**2 - 557*d + 1988. Determine i(-282).
14
Let k(o) = 1447*o + 84428. Determine k(-59).
-945
Let u(c) = c**2 + 1373*c + 12280. What is u(-9)?
4
Let m(c) = -436*c - 4064. Calculate m(-7).
-1012
Let b(p) = -7163*p + 94098. Calculate b(13).
979
Let q(z) = 1544*z + 7727. Determine q(-5).
7
Let v(y) = 131656*y + 921610. Calculate v(-7).
18
Let q(i) = 2*i**3 + 11*i**2 + 185*i + 1853. What is q(-7)?
411
Let x(o) = 2*o**2 - 138*o - 38664. Give x(178).
140
Let f(s) = 1383167*s + 4149486. Calculate f(-3).
-15
Let i(m) = 5*m**2 - 145*m + 924. Calculate i(9).
24
Let q